base 16.
-59eb
1a5 (base 13) to base 14
17a
Convert -252 (base 12) to base 6.
-1342
Convert 1547 (base 9) to base 6.
5241
-121302 (base 6) to base 14
-3c7c
What is -1b10 (base 12) in base 14?
-12d6
-a5e (base 15) to base 7
-6551
-313133 (base 4) to base 11
-2739
What is 1a0c (base 15) in base 13?
2748
What is -3ba (base 15) in base 11?
-703
Convert -11011111 (base 2) to base 14.
-11d
-80 (base 15) to base 4
-1320
What is -1012400 (base 5) in base 2?
-100000011011000
315 (base 14) to base 5
4412
-224 (base 12) to base 11
-268
-2100212100 (base 3) to base 6
-555313
What is -1121010 (base 3) in base 2?
-10010001100
What is 101222101 (base 3) in base 13?
3847
What is -1010100110001010 (base 2) in base 7?
-240352
Convert -424014 (base 5) to base 6.
-150003
Convert -516 (base 8) to base 11.
-284
What is 620 (base 15) in base 9?
1803
Convert -17736 (base 11) to base 9.
-37064
What is 874a (base 14) in base 16?
5b5e
14a (base 16) to base 12
236
-200212 (base 4) to base 13
-c46
Convert 210 (base 12) to base 3.
102010
Convert -48c (base 15) to base 8.
-2010
What is -21787 (base 12) in base 15?
-d1e1
What is 33b2 (base 14) in base 15?
29d6
Convert 211122 (base 3) to base 16.
263
Convert -110011100101110 (base 2) to base 9.
-40208
20803 (base 9) to base 12
7b79
-16055 (base 8) to base 7
-30013
2769 (base 11) to base 2
111000000000
Convert 10120100 (base 3) to base 12.
1609
What is -20120101 (base 3) in base 4?
-1022311
What is -412363 (base 7) in base 14?
-1b9a3
Convert -104110 (base 6) to base 9.
-12816
-10000000001101 (base 2) to base 3
-102020220
What is -132222 (base 4) in base 6?
-13030
What is -17b4 (base 15) in base 5?
-130434
Convert 1342 (base 7) to base 6.
2224
15423 (base 9) to base 16
2937
What is -3120 (base 6) in base 11?
-583
What is -3b40 (base 13) in base 2?
-10000100110110
406 (base 11) to base 13
2b9
-10a20 (base 12) to base 7
-121503
What is -242052 (base 8) in base 5?
-10123421
-1472 (base 8) to base 10
-826
Convert -11003 (base 9) to base 3.
-101000010
-16753 (base 9) to base 11
-8750
Convert -228 (base 14) to base 7.
-1151
What is -39 (base 15) in base 11?
-4a
What is -4d3 (base 15) in base 2?
-10001001010
Convert -23166 (base 8) to base 7.
-40464
What is 10111100010110 (base 2) in base 3?
121112110
What is 9c1 (base 13) in base 11?
1296
-3085 (base 14) to base 2
-10000010011101
Convert 3616 (base 15) to base 5.
331441
10278 (base 13) to base 11
1a872
13d (base 15) to base 11
238
Convert 8282 (base 11) to base 12.
6430
What is -3a21 (base 11) in base 2?
-1010001101010
What is 130301 (base 5) in base 14?
1bc8
What is -3324 (base 6) in base 7?
-2152
-321 (base 10) to base 7
-636
44c (base 13) to base 4
23210
What is 2b6 (base 12) in base 4?
12222
What is 10243 (base 5) in base 7?
2015
15310 (base 6) to base 5
34430
What is -100004 (base 6) in base 14?
-2b9a
Convert 389 (base 14) to base 10.
709
Convert -23113210 (base 4) to base 12.
-22b44
What is -48482 (base 9) in base 14?
-bb98
2212220 (base 4) to base 13
4b14
5161 (base 12) to base 5
240412
What is -c97 (base 14) in base 2?
-100110110101
What is 3650 (base 7) in base 6?
10142
Convert 712 (base 10) to base 2.
1011001000
-74d7 (base 14) to base 5
-1121211
Convert 22555 (base 6) to base 16.
ca7
What is 1410 (base 5) in base 11?
19a
What is 252445 (base 6) in base 10?
22637
Convert 59b2 (base 15) to base 10.
19067
55b (base 16) to base 5
20441
-425 (base 15) to base 5
-12220
Convert -42361 (base 7) to base 16.
-28f0
What is 805 (base 16) in base 5?
31203
What is 1012201210 (base 3) in base 15?
710c
Convert -368 (base 12) to base 8.
-1000
-254 (base 13) to base 11
-340
What is 3321 (base 6) in base 7?
2146
Convert -21001 (base 3) to base 16.
-be
Convert 14377 (base 13) to base 16.
9442
b6 (base 13) to base 12
105
Convert -13201 (base 5) to base 15.
-4a1
What is 58468 (base 9) in base 13?
149ba
Convert 304 (base 5) to base 11.
72
-1eba (base 16) to base 15
-24e6
1124 (base 14) to base 13
1478
Convert 8952 (base 13) to base 7.
106605
Convert -27699 (base 11) to base 12.
-1a9a1
-8012 (base 10) to base 12
-4778
What is -5bd4 (base 14) in base 2?
-11111010111110
Convert 3330000 (base 4) to base 3.
211010100
What is -23222 (base 4) in base 5?
-10441
Convert -15434 (base 6) to base 9.
-3434
What is -22224 (base 5) in base 7?
-4363
What is -89a (base 11) in base 7?
-3066
1003 (base 5) to base 11
107
Convert b48e (base 16) to base 5.
2434342
Convert 23032 (base 4) to base 6.
3154
206340 (base 8) to base 9
114370
-1033004 (base 5) to base 10
-17879
What is 1eda (base 16) in base 8?
17332
3314 (base 5) to base 2
111001011
3dd8 (base 15) to base 16
33c5
Convert ae33 (base 15) to base 3.
1212200110
Convert 20504 (base 6) to base 9.
3724
4031231 (base 5) to base 12
31446
10021 (base 3) to base 13
6a
-21001 (base 4) to base 11
-485
Convert 103b2 (base 15) to base 12.
2594b
Convert 638 (base 12) to base 13.
54b
What is -323 (base 7) in base 11?
-13a
4042 (base 12) to base 3
100112212
-1200 (base 11) to base 15
-6ed
What is -406 (base 8) in base 4?
-10012
What is 1113 (base 7) in base 14?
20a
What is 7457 (base 8) in base 11?
2a14
1110101001000 (base 2) to base 16
1d48
Convert -12154 (base 8) to base 4.
-1101230
Convert 3511 (base 9) to base 2.
101000101010
What is -e2ad (base 15) in base 14?
-1362b
1a51 (base 14) to base 13
2234
12773 (base 9) to base 7
34140
What is 140055 (base 8) in base 2?
1100000000101101
Convert 2b5 (base 14) to base 12.
39b
Convert 815 (base 13) to base 14.
6dc
Convert 1151 (base 8) to base 4.
21221
Convert 11110001 (base 2) to base 6.
1041
What is -10021011022 (base 3) in base 2?
-1111101100001100
-3311 (base 8) to base 12
-1009
Convert -123 (base 15) to base 7.
-516
-7380 (base 10) to base 11
-55aa
Convert -321021 (base 4) to base 5.
-104112
What is 4db (base 16) in base 11?
a30
23233 (base 6) to base 10
3333
Convert 332130 (base 4) to base 11.
3003
48a (base 12) to base 3
221021
Convert -343 (base 7) to base 4.
-2302
What is 2283 (base 10) in base 7?
6441
-13011101 (base 4) to base 5
-1412014
Convert 587 (base 10) to base 12.
40b
-1276 (base 10) to base 3
-1202021
Convert 1100122 (base 3) to base 2.
1111011101
Convert -d60 (base 15) to base 3.
-11010200
a5a1 (base 12) to base 3
220212011
Convert -11189 (base 10) to base 3.
-120100102
What is 2530 (base 6) in base 4?
21312
Convert 111100011001011 (base 2) to base 16.
78cb
303414 (base 6) to base 4
11321002
What is b5 (base 14) in base 15?
a9
What is 1086 (base 14) in base 16?
b2e
Convert -1202222212 (base 3) to base 9.
-52885
211220 (base 7) to base 11
25445
What is 10112220 (base 3) in base 13?
1242
What is 2441234 (base 5) in base 6?
555004
30213 (base 4) to base 14
419
Convert 1111211121 (base 3) to base 12.
1528a
What is 33 (base 10) in base 4?
201
Convert 3157 (base 9) to base 10.
2320
Convert 1172 (base 8) to base 16.
27a
Convert -423001 (base 5) to base 4.
-3130232
Convert 301121 (base 4) to base 15.
e0b
Convert -737 (base 10) to base 14.
-3a9
What is 3d (base 16) in base 3?
2021
What is -1043 (base 11) in base 3?
-1220001
What is -115 (base 8) in base 16?
-4d
5053 (base 7) to base 13
a4b
Convert -5004 (base 6) to base 13.
-655
Convert -202120 (base 4) to base 5.
-32300
Convert 6200 (base 10) to base 14.
238c
What is -15192 (base 14) in base 10?
-52460
What is -33 (base 6) in base 10?
-21
407 (base 8) to base 13
173
Convert 7474 (base 14) to base 7.
112404
Convert 4093 (base 12) to base 9.
10563
11010110011 (base 2) to base 10
1715
What is 139a6 (base 11) in base 6?
231503
-220 (base 12) to base 7
-624
What is 1110110011101 (base 2) in base 3?
101101210
2c7 (base 16) to base 2
1011000111
Convert 178 (base 10) to base 9.
217
Convert -38a3 (base 12) to base 13.
-2c2b
Convert -4000 (base 5) to base 9.
-615
What is 1a1 (base 16) in base 2?
110100001
What is -2a14 (base 12) in base 9?
-6657
Convert 1240 (base 6) to base 5.
2222
Convert -54915 (base 11) to base 15.
-188de
-2859 (base 13) to base 9
-7876
23420 (base 6) to base 12
1b70
-105000 (base 6) to base 14
-3328
Convert -1111001010000111 (base 2) to base 10.
-62087
What is 221121 (base 3) in base 11?
579
ab8 (base 12) to base 10
1580
13025 (base 6) to base 4
132221
Convert 61511 (base 9) to base 2.
1001111000111110
-650 (base 16) to base 7
-4466
Convert 447 (base 9